{"id":48,"date":"2015-04-08T06:56:18","date_gmt":"2015-04-08T06:56:18","guid":{"rendered":"http:\/\/themes.muffingroup.com\/be\/lawyer\/?page_id=2"},"modified":"2025-08-08T13:08:05","modified_gmt":"2025-08-08T16:08:05","slug":"home","status":"publish","type":"page","link":"https:\/\/apassaojoao.com.br\/online\/","title":{"rendered":"Home"},"content":{"rendered":"<p>[vc_row][vc_column]<div class=\"blog_slider clearfix  hide-arrows\" data-count=\"4\"><div class=\"blog_slider_header\"><h4 class=\"title\">Not\u00edcias - APAS<\/h4><\/div><ul class=\"blog_slider_ul\"><li class=\"post-6983 post type-post status-publish format-standard has-post-thumbnail hentry category-noticias\"><div class=\"item_wrapper\"><div class=\"image_frame scale-with-grid\"><div class=\"image_wrapper\"><a href=\"https:\/\/apassaojoao.com.br\/online\/6983-2\/\"><img width=\"477\" height=\"466\" src=\"https:\/\/apassaojoao.com.br\/online\/wp-content\/uploads\/2025\/02\/ir25-post-1.png\" class=\"scale-with-grid wp-post-image\" alt=\"\" decoding=\"async\" loading=\"lazy\" srcset=\"https:\/\/apassaojoao.com.br\/online\/wp-content\/uploads\/2025\/02\/ir25-post-1.png 477w, https:\/\/apassaojoao.com.br\/online\/wp-content\/uploads\/2025\/02\/ir25-post-1-300x293.png 300w, https:\/\/apassaojoao.com.br\/online\/wp-content\/uploads\/2025\/02\/ir25-post-1-149x146.png 149w, https:\/\/apassaojoao.com.br\/online\/wp-content\/uploads\/2025\/02\/ir25-post-1-50x50.png 50w, https:\/\/apassaojoao.com.br\/online\/wp-content\/uploads\/2025\/02\/ir25-post-1-77x75.png 77w\" sizes=\"(max-width: 477px) 100vw, 477px\" \/><\/a><\/div><\/div><div class=\"date_label\">24\/02\/2025<\/div><div class=\"desc\"><h4><a href=\"https:\/\/apassaojoao.com.br\/online\/6983-2\/\">INFORME DE RENDIMENTO 2024\/2025<\/a><\/h4><hr class=\"hr_color\" \/><a href=\"https:\/\/apassaojoao.com.br\/online\/6983-2\/\" class=\"button button_left button_js\"><span class=\"button_icon\"><i class=\"icon-layout\"><\/i><\/span><span class=\"button_label\">Leia mais<\/span><\/a><\/div><\/div><\/li><li class=\"post-3797 post type-post status-publish format-standard has-post-thumbnail hentry category-noticias\"><div class=\"item_wrapper\"><div class=\"image_frame scale-with-grid\"><div class=\"image_wrapper\"><a href=\"https:\/\/apassaojoao.com.br\/online\/atencao-cuidado-com-os-e-mails\/\"><img width=\"720\" height=\"750\" src=\"https:\/\/apassaojoao.com.br\/online\/wp-content\/uploads\/2022\/11\/00001-aviso-atencao-e-mails-720x750.png\" class=\"scale-with-grid wp-post-image\" alt=\"\" decoding=\"async\" loading=\"lazy\" \/><\/a><\/div><\/div><div class=\"date_label\">09\/11\/2022<\/div><div class=\"desc\"><h4><a href=\"https:\/\/apassaojoao.com.br\/online\/atencao-cuidado-com-os-e-mails\/\">ATEN\u00c7\u00c3O &#8211; CUIDADO COM OS E-MAILS<\/a><\/h4><hr class=\"hr_color\" \/><a href=\"https:\/\/apassaojoao.com.br\/online\/atencao-cuidado-com-os-e-mails\/\" class=\"button button_left button_js\"><span class=\"button_icon\"><i class=\"icon-layout\"><\/i><\/span><span class=\"button_label\">Leia mais<\/span><\/a><\/div><\/div><\/li><li class=\"post-3002 post type-post status-publish format-standard has-post-thumbnail hentry category-noticias\"><div class=\"item_wrapper\"><div class=\"image_frame scale-with-grid\"><div class=\"image_wrapper\"><a href=\"https:\/\/apassaojoao.com.br\/online\/novo-credenciado-29\/\"><img width=\"960\" height=\"750\" src=\"https:\/\/apassaojoao.com.br\/online\/wp-content\/uploads\/2022\/03\/C\u00f3pia-de-C\u00f3pia-de-C\u00f3pia-de-C\u00f3pia-de-A-Prefeitura-Municipal-de-Agua\u00ed-convida-para-assinatura-do-convenio-para-instala\u00e7\u00e3o-da-empresa-Hellen-Estofados-e-Colchoes-4-960x750.jpg\" class=\"scale-with-grid wp-post-image\" alt=\"\" decoding=\"async\" loading=\"lazy\" srcset=\"https:\/\/apassaojoao.com.br\/online\/wp-content\/uploads\/2022\/03\/C\u00f3pia-de-C\u00f3pia-de-C\u00f3pia-de-C\u00f3pia-de-A-Prefeitura-Municipal-de-Agua\u00ed-convida-para-assinatura-do-convenio-para-instala\u00e7\u00e3o-da-empresa-Hellen-Estofados-e-Colchoes-4-960x750.jpg 960w, https:\/\/apassaojoao.com.br\/online\/wp-content\/uploads\/2022\/03\/C\u00f3pia-de-C\u00f3pia-de-C\u00f3pia-de-C\u00f3pia-de-A-Prefeitura-Municipal-de-Agua\u00ed-convida-para-assinatura-do-convenio-para-instala\u00e7\u00e3o-da-empresa-Hellen-Estofados-e-Colchoes-4-50x38.jpg 50w\" sizes=\"(max-width: 960px) 100vw, 960px\" \/><\/a><\/div><\/div><div class=\"date_label\">18\/03\/2022<\/div><div class=\"desc\"><h4><a href=\"https:\/\/apassaojoao.com.br\/online\/novo-credenciado-29\/\">Novo credenciado<\/a><\/h4><hr class=\"hr_color\" \/><a href=\"https:\/\/apassaojoao.com.br\/online\/novo-credenciado-29\/\" class=\"button button_left button_js\"><span class=\"button_icon\"><i class=\"icon-layout\"><\/i><\/span><span class=\"button_label\">Leia mais<\/span><\/a><\/div><\/div><\/li><li class=\"post-2998 post type-post status-publish format-standard has-post-thumbnail hentry category-noticias\"><div class=\"item_wrapper\"><div class=\"image_frame scale-with-grid\"><div class=\"image_wrapper\"><a href=\"https:\/\/apassaojoao.com.br\/online\/novo-credenciado-28\/\"><img width=\"960\" height=\"750\" src=\"https:\/\/apassaojoao.com.br\/online\/wp-content\/uploads\/2022\/03\/C\u00f3pia-de-C\u00f3pia-de-C\u00f3pia-de-C\u00f3pia-de-A-Prefeitura-Municipal-de-Agua\u00ed-convida-para-assinatura-do-convenio-para-instala\u00e7\u00e3o-da-empresa-Hellen-Estofados-e-Colchoes-3-960x750.jpg\" class=\"scale-with-grid wp-post-image\" alt=\"\" decoding=\"async\" loading=\"lazy\" srcset=\"https:\/\/apassaojoao.com.br\/online\/wp-content\/uploads\/2022\/03\/C\u00f3pia-de-C\u00f3pia-de-C\u00f3pia-de-C\u00f3pia-de-A-Prefeitura-Municipal-de-Agua\u00ed-convida-para-assinatura-do-convenio-para-instala\u00e7\u00e3o-da-empresa-Hellen-Estofados-e-Colchoes-3-960x750.jpg 960w, https:\/\/apassaojoao.com.br\/online\/wp-content\/uploads\/2022\/03\/C\u00f3pia-de-C\u00f3pia-de-C\u00f3pia-de-C\u00f3pia-de-A-Prefeitura-Municipal-de-Agua\u00ed-convida-para-assinatura-do-convenio-para-instala\u00e7\u00e3o-da-empresa-Hellen-Estofados-e-Colchoes-3-50x38.jpg 50w\" sizes=\"(max-width: 960px) 100vw, 960px\" \/><\/a><\/div><\/div><div class=\"date_label\">17\/03\/2022<\/div><div class=\"desc\"><h4><a href=\"https:\/\/apassaojoao.com.br\/online\/novo-credenciado-28\/\">Novo credenciado<\/a><\/h4><hr class=\"hr_color\" \/><a href=\"https:\/\/apassaojoao.com.br\/online\/novo-credenciado-28\/\" class=\"button button_left button_js\"><span class=\"button_icon\"><i class=\"icon-layout\"><\/i><\/span><span class=\"button_label\">Leia mais<\/span><\/a><\/div><\/div><\/li><\/ul><div class=\"slider_pager slider_pagination\"><\/div><\/div>\n[\/vc_column][\/vc_row][vc_row][vc_column][\/vc_column][\/vc_row]<\/p>\n","protected":false},"excerpt":{"rendered":"<p>[vc_row][vc_column][\/vc_column][\/vc_row][vc_row][vc_column][\/vc_column][\/vc_row]<\/p>\n","protected":false},"author":1,"featured_media":0,"parent":0,"menu_order":0,"comment_status":"open","ping_status":"open","template":"","meta":{"_exactmetrics_skip_tracking":false,"_exactmetrics_sitenote_active":false,"_exactmetrics_sitenote_note":"","_exactmetrics_sitenote_category":0},"_links":{"self":[{"href":"https:\/\/apassaojoao.com.br\/online\/wp-json\/wp\/v2\/pages\/48"}],"collection":[{"href":"https:\/\/apassaojoao.com.br\/online\/wp-json\/wp\/v2\/pages"}],"about":[{"href":"https:\/\/apassaojoao.com.br\/online\/wp-json\/wp\/v2\/types\/page"}],"author":[{"embeddable":true,"href":"https:\/\/apassaojoao.com.br\/online\/wp-json\/wp\/v2\/users\/1"}],"replies":[{"embeddable":true,"href":"https:\/\/apassaojoao.com.br\/online\/wp-json\/wp\/v2\/comments?post=48"}],"version-history":[{"count":1,"href":"https:\/\/apassaojoao.com.br\/online\/wp-json\/wp\/v2\/pages\/48\/revisions"}],"predecessor-version":[{"id":6749,"href":"https:\/\/apassaojoao.com.br\/online\/wp-json\/wp\/v2\/pages\/48\/revisions\/6749"}],"wp:attachment":[{"href":"https:\/\/apassaojoao.com.br\/online\/wp-json\/wp\/v2\/media?parent=48"}],"curies":[{"name":"wp","href":"https:\/\/api.w.org\/{rel}","templated":true}]}}