{"id":2747,"date":"2022-01-12T15:29:27","date_gmt":"2022-01-12T17:29:27","guid":{"rendered":"https:\/\/apassaojoao.com.br\/online\/?page_id=2747"},"modified":"2023-08-01T15:37:54","modified_gmt":"2023-08-01T18:37:54","slug":"fale-com-o-dpo","status":"publish","type":"page","link":"https:\/\/apassaojoao.com.br\/online\/fale-com-o-dpo\/","title":{"rendered":"Fale com o DPO"},"content":{"rendered":"<p>A <strong>Associa\u00e7\u00e3o Policial de Assist\u00eancia \u00e0 Sa\u00fade de S\u00e3o Jo\u00e3o da Boa Vista<\/strong> e todos os seus colaboradores t\u00eam o compromisso de manter seu dado \u00edntegro e seguro atrav\u00e9s dos nossos sistemas e canais de atendimento.<\/p>\n<p>A Lei Geral de Prote\u00e7\u00e3o de Dados &#8211; Lei n\u00famero 13.709\/2018, preserva seu direito de pedir informa\u00e7\u00f5es sobre como utilizamos seus dados pessoais, fazer reclama\u00e7\u00f5es ou denunciar qualquer fato que tenha afetado a sua privacidade.<\/p>\n<p>Voc\u00ea poder\u00e1 exercer este direito contatando o encarregado de prote\u00e7\u00e3o de dados, tamb\u00e9m conhecido como DPO.<\/p>\n<p><strong>Dados DPO da APAS S\u00e3o Jo\u00e3o da Boa Vista<\/strong><\/p>\n<p>Nome: <strong>Tiago Karam<\/strong><br \/>\nCargo: DPO &#8211; Encarregado de Prote\u00e7\u00e3o de Dados<br \/>\nE-mail: <a href=\"mailto:dpo@apassaojoao.com.br\"><strong>dpo@apassaojoao.com.br<\/strong><\/a><br \/>\nEndere\u00e7o:\u00a0 Avenida Presidente Belchior Marques Goulart N\u00ba 401 &#8211; Parque das Na\u00e7\u00f5es &#8211; CEP 13870-579 &#8211; S\u00e3o Jo\u00e3o da Boa Vista &#8211; SP<br \/>\nHor\u00e1rio de atendimento: <strong>De segunda a sexta, nos dias \u00fateis, das 09:00 \u00e0s 17:00<\/strong><\/p>\n<p><strong>Forma de atendimento inicial: E-mail ou <a href=\"https:\/\/apassaojoao.com.br\/online\/contato-dpo\/\">Formul\u00e1rio clicando aqui.<\/a><\/strong><\/p>\n<p>Depois de recebermos seu e-mail, n\u00f3as lhe forneceremos um n\u00famero de protocolo para que possamos acompanhar em conjunto o andamento da solu\u00e7\u00e3o. Durante a apura\u00e7\u00e3o da sua manifesta\u00e7\u00e3o, manteremos voc\u00ea informado atrav\u00e9s de e-mail ou telefone.<\/p>\n<p>Para estabelecermos contato rapidamente com voc\u00ea, informe corretamente seu nome completo, telefone, endere\u00e7o de e-makils e a descri\u00e7\u00e3o detalhada do motivo do contato.<\/p>\n<p><strong>o Canal &#8220;Fale com o DPO&#8221; \u00e9 exclusivo para assuntos relacionados \u00e0 prote\u00e7\u00e3o de dados, seja ele o registro de um incidente, reclama\u00e7\u00e3o ou pedido de esclarecimento.<\/strong><\/p>\n","protected":false},"excerpt":{"rendered":"<p>A Associa\u00e7\u00e3o Policial de Assist\u00eancia \u00e0 Sa\u00fade de S\u00e3o Jo\u00e3o da Boa Vista e todos os seus colaboradores t\u00eam o compromisso de manter seu dado \u00edntegro<span class=\"excerpt-hellip\"> [\u2026]<\/span><\/p>\n","protected":false},"author":1,"featured_media":0,"parent":0,"menu_order":0,"comment_status":"closed","ping_status":"closed","template":"","meta":{"_exactmetrics_skip_tracking":false,"_exactmetrics_sitenote_active":false,"_exactmetrics_sitenote_note":"","_exactmetrics_sitenote_category":0},"_links":{"self":[{"href":"https:\/\/apassaojoao.com.br\/online\/wp-json\/wp\/v2\/pages\/2747"}],"collection":[{"href":"https:\/\/apassaojoao.com.br\/online\/wp-json\/wp\/v2\/pages"}],"about":[{"href":"https:\/\/apassaojoao.com.br\/online\/wp-json\/wp\/v2\/types\/page"}],"author":[{"embeddable":true,"href":"https:\/\/apassaojoao.com.br\/online\/wp-json\/wp\/v2\/users\/1"}],"replies":[{"embeddable":true,"href":"https:\/\/apassaojoao.com.br\/online\/wp-json\/wp\/v2\/comments?post=2747"}],"version-history":[{"count":0,"href":"https:\/\/apassaojoao.com.br\/online\/wp-json\/wp\/v2\/pages\/2747\/revisions"}],"wp:attachment":[{"href":"https:\/\/apassaojoao.com.br\/online\/wp-json\/wp\/v2\/media?parent=2747"}],"curies":[{"name":"wp","href":"https:\/\/api.w.org\/{rel}","templated":true}]}}