{"id":2743,"date":"2022-01-12T15:07:27","date_gmt":"2022-01-12T17:07:27","guid":{"rendered":"https:\/\/apassaojoao.com.br\/online\/?page_id=2743"},"modified":"2022-02-21T16:23:06","modified_gmt":"2022-02-21T19:23:06","slug":"politica-de-privacidade-2","status":"publish","type":"page","link":"https:\/\/apassaojoao.com.br\/online\/politica-de-privacidade-2\/","title":{"rendered":"Pol\u00edtica de Privacidade"},"content":{"rendered":"<h3>I.\u00a0\u00a0\u00a0\u00a0\u00a0 Compromisso organizacional<\/h3>\n<p>N\u00f3s administradores e colaboradores da <strong>ASSOCIA\u00c7\u00c3O POLICIAL DE ASSIST\u00caNCIA \u00c0 SA\u00daDE DE S\u00c3O JO\u00c3O DA BOA VISTA, <\/strong>que est\u00e1 inscrita sob o CNPJ n\u00ba 71.753.297\/0001-04 sediada em S\u00e3o Jo\u00e3o da Boa Vista \u2013SP, que ao longo deste texto trataremos apenas como <strong>APAS S\u00c3O JO\u00c3O, <\/strong>temos satisfa\u00e7\u00e3o em apresentar nossa <strong>POL\u00cdTICA DE PRIVACIDADE<\/strong>, onde demonstramos nosso compromisso com a prote\u00e7\u00e3o dos seus dados pessoais que est\u00e3o sob nossa guarda.<\/p>\n<p>Esperamos que estas informa\u00e7\u00f5es lhe ajudem a compreender que utilizamos os seus dados pessoais somente para as finalidades que foram acordadas entre voc\u00ea e a <strong>APAS S\u00c3O JO\u00c3O<\/strong>, respeitando todas as regras estabelecidas na Lei Federal n\u00ba 13.709\/2018 \u2013 Lei Geral de Prote\u00e7\u00e3o de Dados, que ao longo deste texto trataremos apenas como \u201cLGPD\u201d.<\/p>\n<p>Voc\u00ea, usu\u00e1rio dos servi\u00e7os da <strong>APAS S\u00c3O JO\u00c3O <\/strong>que tem dados pessoais sob o nosso cuidado, poder\u00e1 tamb\u00e9m obter esclarecimentos sobre este nosso compromisso, atrav\u00e9s do canal de atendimento \u201cFale com o DPO\u201d, que se encontra dispon\u00edvel em nosso site.<\/p>\n<p><strong>Nossa POL\u00cdTICA DE PRIVACIDADE est\u00e1 em sua vers\u00e3o 1.0, e foi publicada em 25\/10\/2021.<\/strong><\/p>\n<p>Decorrente de eventuais mudan\u00e7as na legisla\u00e7\u00e3o em vigor ou da cria\u00e7\u00e3o de novos servi\u00e7os pela <strong>APAS S\u00c3O JO\u00c3O<\/strong>, esta pol\u00edtica poder\u00e1 necessitar de atualiza\u00e7\u00e3o. Quando isto vier a ocorrer, voc\u00ea ser\u00e1 informado ao utilizar o site e poder\u00e1 se atualizar sobre estas mudan\u00e7as.<\/p>\n<p>Para sua melhor compreens\u00e3o desta pol\u00edtica, apresentamos abaixo um gloss\u00e1rio com os termos utilizados neste documento.<\/p>\n<table>\n<tbody>\n<tr>\n<td width=\"132\"><strong>Termo<\/strong><\/td>\n<td width=\"520\"><strong>Defini\u00e7\u00e3o<\/strong><\/td>\n<\/tr>\n<tr>\n<td width=\"132\">Autoridade Nacional\u00a0de Prote\u00e7\u00e3o de Dados &#8211; ANPD<\/td>\n<td width=\"520\">\u00d3rg\u00e3o respons\u00e1vel pela fiscaliza\u00e7\u00e3o do cumprimento das disposi\u00e7\u00f5es da Lei Geral de Prote\u00e7\u00e3o de Dados, Lei Federal no 13.709\/2018 no territ\u00f3rio nacional.<\/td>\n<\/tr>\n<tr>\n<td width=\"132\">Controlador<\/td>\n<td width=\"520\">Pessoa natural ou jur\u00eddica, de direito p\u00fablico ou privado, a quem competem as decis\u00f5es referentes ao tratamento de dados pessoais<\/td>\n<\/tr>\n<tr>\n<td width=\"132\">Dado anonimizado<\/td>\n<td width=\"520\">Dado relativo ao titular que n\u00e3o possa ser identificado, considerando a utiliza\u00e7\u00e3o de meios t\u00e9cnicos razo\u00e1veis e dispon\u00edveis na ocasi\u00e3o de seu tratamento<\/td>\n<\/tr>\n<tr>\n<td width=\"132\">Dado Pessoal<\/td>\n<td width=\"520\">Informa\u00e7\u00e3o relacionada a pessoa natural identificada ou identific\u00e1vel<\/td>\n<\/tr>\n<tr>\n<td width=\"132\">Dado\u00a0Pessoal sens\u00edvel<\/td>\n<td width=\"520\">Dado pessoal sobre origem racial ou \u00e9tnica, convic\u00e7\u00e3o religiosa, opini\u00e3o pol\u00edtica, filia\u00e7\u00e3o a sindicato ou a organiza\u00e7\u00e3o de car\u00e1ter religioso, filos\u00f3fico ou pol\u00edtico, dado referente \u00e0 sa\u00fade ou \u00e0 vida sexual, dado gen\u00e9tico ou biom\u00e9trico, quando vinculado a<\/p>\n<p>uma pessoa natural. S\u00e3o dados do titular que podem lhe causar algum tipo de discrimina\u00e7\u00e3o ou constrangimento se forem expostos de maneira n\u00e3o autorizada.<\/td>\n<\/tr>\n<tr>\n<td width=\"132\">DPO<\/td>\n<td width=\"520\">Sigla em ingl\u00eas que significa Encarregado de prote\u00e7\u00e3o de dados.<\/td>\n<\/tr>\n<tr>\n<td width=\"132\">Encarregado\u00a0de prote\u00e7\u00e3o de dados<\/td>\n<td width=\"520\">Pessoa indicada pelo controlador e operador para atuar como canal de comunica\u00e7\u00e3o entre as empresas e a Autoridade Nacional de Prote\u00e7\u00e3o de Dados.<\/td>\n<\/tr>\n<tr>\n<td width=\"132\">Incidente\u00a0de seguran\u00e7a<\/td>\n<td width=\"520\">Ocorr\u00eancia de acesso n\u00e3o autorizado ou vazamento de informa\u00e7\u00f5es, acidental ou il\u00edcito que cause destrui\u00e7\u00e3o, perda, altera\u00e7\u00e3o, comunica\u00e7\u00e3o ou qualquer forma inadequada de tratamento dos dados pessoais dos benefici\u00e1rios da CONTRATANTE.<\/td>\n<\/tr>\n<tr>\n<td width=\"132\">LGPD<\/td>\n<td width=\"520\">Lei Geral de Prote\u00e7\u00e3o de Dados \u2013 Lei N\u00ba 13.709\/2018, alterada pela Lei n\u00ba 13.859\/2019, para dispor sobre a prote\u00e7\u00e3o de dados pessoais.<\/td>\n<\/tr>\n<tr>\n<td width=\"132\">Operador<\/td>\n<td width=\"520\">Pessoa natural ou jur\u00eddica, de direito p\u00fablico ou privado, que realiza o tratamento de dados pessoais em nome do Controlador<\/td>\n<\/tr>\n<tr>\n<td width=\"132\">Terceiro<\/td>\n<td width=\"520\">Pessoa natural ou jur\u00eddica, contratado pelo Controlador, que realiza tratamento de dados pessoais em nome do Controlador<\/td>\n<\/tr>\n<tr>\n<td width=\"132\">Titular de dados<\/td>\n<td width=\"520\">Pessoa natural a quem se referem os dados pessoais que s\u00e3o objeto de tratamento<\/td>\n<\/tr>\n<tr>\n<td width=\"132\">Tratamento do dado<\/td>\n<td width=\"520\">Toda opera\u00e7\u00e3o realizada com dados pessoais, como as que se referem a coleta, produ\u00e7\u00e3o, recep\u00e7\u00e3o, classifica\u00e7\u00e3o, utiliza\u00e7\u00e3o, acesso, reprodu\u00e7\u00e3o, transmiss\u00e3o, distribui\u00e7\u00e3o, processamento, arquivamento, armazenamento, elimina\u00e7\u00e3o, avalia\u00e7\u00e3o ou controle da informa\u00e7\u00e3o, modifica\u00e7\u00e3o, comunica\u00e7\u00e3o, transfer\u00eancia, difus\u00e3o ou extra\u00e7\u00e3o<\/td>\n<\/tr>\n<tr>\n<td width=\"132\">Pol\u00edtica\u00a0de privacidade<\/td>\n<td width=\"520\">Conte\u00fado deste documento que descreve o compromisso que a Empresa tem com a prote\u00e7\u00e3o dos seus dados pessoais.<\/td>\n<\/tr>\n<\/tbody>\n<\/table>\n<h3>II. O que \u00e9 a Pol\u00edtica de Privacidade<\/h3>\n<p>A <strong>POL\u00cdTICA DE PRIVACIDADE <\/strong>em seu conte\u00fado demonstra o nosso compromisso com a prote\u00e7\u00e3o dos seus dados pessoais que est\u00e3o sob nossa guarda e descreve como tratamos e cuidamos dos seus dados quando voc\u00ea solicita ou usa algum dos nossos servi\u00e7os.<\/p>\n<h3>III.\u00a0\u00a0\u00a0\u00a0\u00a0\u00a0\u00a0\u00a0 Para quem se aplica nossa Pol\u00edtica de Privacidade<\/h3>\n<p>Ela se aplica aos nossos benefici\u00e1rios, clientes, pacientes, visitantes, colaboradores, profissionais e enfim todos os usu\u00e1rios que utilizam, utilizaram ou pretendem utilizar os nossos servi\u00e7os atrav\u00e9s do site ou presencialmente em nossas instala\u00e7\u00f5es f\u00edsicas.<\/p>\n<p>A <strong>APAS S\u00c3O JO\u00c3O, <\/strong>na maior parte das atividades de tratamento de dados contemplada em seus servi\u00e7os, \u00e9 classificada pela LGPD como agente <strong>CONTROLADOR <\/strong>de dados. Nosso compromisso com PRIVACIDADE nas atividades que realizamos se estende tamb\u00e9m \u00e0s atividades de tratamento de dados onde sejamos classificados como <strong>OPERADORES.<\/strong><\/p>\n<h3>IV. Direitos do titular de dados.<\/h3>\n<p>A <strong>APAS S\u00c3O JO\u00c3O <\/strong>compreende que voc\u00ea \u00e9 o dono leg\u00edtimo do seu dado pessoal. Pela natureza dos nossos servi\u00e7os, ao coletarmos ou tratarmos seus dados pessoais, para as mais diversas finalidades, conforme elencamos ao longo deste texto, sempre o faremos em conformidade com os requisitos da LGPD.<\/p>\n<p>Independente da forma da coleta, voc\u00ea tem o direito de entender toda e qualquer atividade que \u00e9 realizada com seus dados pessoais e comandar a\u00e7\u00f5es, legalmente aceitas, sempre cientes das consequ\u00eancias que venham a ocorrer e a <strong>APAS S\u00c3O JO\u00c3O <\/strong>tem o dever de prestar todas as informa\u00e7\u00f5es solicitadas pelo titular de dados a respeito do tratamento realizado ao dado.<\/p>\n<p>Conforme a LGPD, compartilhamos com voc\u00ea alguns dos seus direitos:<\/p>\n<h2>Acesso \u00e0 informa\u00e7\u00e3o<\/h2>\n<p>Voc\u00ea pode solicitar informa\u00e7\u00f5es sobre quais dados s\u00e3o tratados, com qual a finalidade, com quais empresas compartilhamos seus dados e por qual motivo, por quanto tempo o dado \u00e9 mantido em nossas bases e quais s\u00e3o nossas responsabilidades e deveres na prote\u00e7\u00e3o dos seus dados.<\/p>\n<h2>Atualiza\u00e7\u00e3o dos dados.<\/h2>\n<p>Voc\u00ea pode solicitar atrav\u00e9s dos nossos canais de atendimento que seja providenciada a corre\u00e7\u00e3o ou atualiza\u00e7\u00e3o dos seus dados que por qualquer raz\u00e3o estejam desatualizados ou incorretos em nossas bases de dados ou documentos.<\/p>\n<h2>Elimina\u00e7\u00e3o e Oposi\u00e7\u00e3o<\/h2>\n<p>Voc\u00ea poder\u00e1 solicitar a exclus\u00e3o dos dados tratados ou a revoga\u00e7\u00e3o do consentimento de sua utiliza\u00e7\u00e3o, revis\u00e3o de decis\u00f5es pautadas no tratamento automatizado, anonimiza\u00e7\u00e3o, bloqueio ou elimina\u00e7\u00e3o de dados desnecess\u00e1rios ou excessivos, ressalvadas as hip\u00f3teses de exce\u00e7\u00e3o previstas na lei, como por exemplo, cumprimento de obriga\u00e7\u00e3o legal ou regulat\u00f3ria ou para o exerc\u00edcio do direito de defesa em processos judiciais e administrativos.<\/p>\n<h2>Ter um canal de contato facilitado para exercer seus direitos<\/h2>\n<p>Voc\u00ea pode solicitar informa\u00e7\u00f5es sobre as atividades realizadas pela <strong>APAS S\u00c3O JO\u00c3O <\/strong>com seus dados, manifestar reclama\u00e7\u00f5es ou denunciar incidentes atrav\u00e9s do canal \u201cFale com o DPO\u201d deste site.<\/p>\n<p>Neste processo, para diminuir o risco de que outra pessoa fa\u00e7a solicita\u00e7\u00f5es em seu nome, solicitaremos alguns dados para nos certificarmos da sua identidade.<\/p>\n<h3>V.\u00a0 Como exercer seus direitos de titular de dados<\/h3>\n<p>Para obter informa\u00e7\u00f5es sobre as atividades da <strong>APAS S\u00c3O JO\u00c3O <\/strong>no tratamento de dados pessoais ou reclamar, denunciar ou registrar algum incidente que afetou a sua privacidade voc\u00ea deve entrar no canal \u201cFale com o DPO\u201d do site e solicitar as informa\u00e7\u00f5es desejadas.<\/p>\n<h3>VI. Dados pessoais sens\u00edveis do titular ou de crian\u00e7as e adolescentes<\/h3>\n<p>De acordo com o artigo 5\u00ba da LGPD todos os dados de sa\u00fade, gen\u00e9tico ou biom\u00e9trico de uma pessoa identificada s\u00e3o classificados como dados pessoais sens\u00edveis, portanto, requerem o consentimento do titular para que possa ser realizado seu tratamento.<br \/>\nContudo, em situa\u00e7\u00f5es de prote\u00e7\u00e3o \u00e0 vida, entre outras hip\u00f3teses, o artigo 11\u00b0 da LGPD permite que o consentimento possa ser dispensado.<\/p>\n<p>O titular ainda pode exercer o seu direito de n\u00e3o permitir um determinado tratamento de seus dados, por\u00e9m ao exercer este direito ser\u00e1 devidamente informado sobre as consequ\u00eancias desta negativa.<\/p>\n<p>Em acordo com o artigo 14\u00ba, \u00a7 1\u00ba da LGPD, o consentimento para o uso de dados sens\u00edveis de crian\u00e7as e adolescentes deve ser dado pelos pais ou pelo seu respons\u00e1vel legal. A <strong>APAS S\u00c3O JO\u00c3O <\/strong>deve tomar todos os cuidados para que esta responsabilidade legal seja verdadeira.<\/p>\n<h3>VII. Dados pessoais que s\u00e3o tratados e suas finalidades<\/h3>\n<p>Abaixo listamos os <strong>principais <\/strong>dados pessoais de titulares que poder\u00e3o ser tratados pelo <strong>APAS S\u00c3O JO\u00c3O <\/strong>no exerc\u00edcio das suas fun\u00e7\u00f5es e sua principal finalidade. Esta rela\u00e7\u00e3o serve como refer\u00eancia e orienta\u00e7\u00e3o e n\u00e3o tem como objetivo relacionar todos os dados e suas finalidades. O detalhamento completo das categorias de dados utilizadas pode ser obtido em contato com o DPO da <strong>APAS S\u00c3O JO\u00c3O<\/strong>.<\/p>\n<p>&nbsp;<\/p>\n<table>\n<tbody>\n<tr>\n<td width=\"338\"><strong>Categorias de dado<\/strong><\/td>\n<td width=\"321\"><strong>Finalidades<\/strong><\/td>\n<\/tr>\n<tr>\n<td width=\"338\">Dados de identifica\u00e7\u00e3o pessoal: Nome, endere\u00e7o residencial, endere\u00e7o de correspond\u00eancia, filia\u00e7\u00e3o, data de nascimento, telefone residencial, telefone celular, e endere\u00e7o de e-mail, cart\u00e3o nacional de sa\u00fade, carteira civil, CNH, CPF, CRM, inscri\u00e7\u00e3o no INSS, matr\u00edcula funcional, PIS\/PASEP, placa do autom\u00f3vel.<\/td>\n<td width=\"321\">Contrata\u00e7\u00e3o de planos de sa\u00fade por parte de clientes; Contrata\u00e7\u00e3o de colaboradores;<\/p>\n<p>Registro de visitantes; Utiliza\u00e7\u00e3o de instala\u00e7\u00f5es f\u00edsicas;<\/p>\n<p>A\u00e7\u00f5es de marketing e comunica\u00e7\u00e3o diretas ao cliente.<\/td>\n<\/tr>\n<tr>\n<td width=\"338\">Caracter\u00edsticas pessoais ou de sa\u00fade contemplando faixa et\u00e1ria, procedimentos realizados, prescri\u00e7\u00e3o m\u00e9dica, receitu\u00e1rio, laudos m\u00e9dicos, resultados de exames e procedimentos, descri\u00e7\u00e3o f\u00edsica, altura, data de nascimento, estado civil, idade, local de nascimento, nacionalidade, peso, sexo, dados biom\u00e9tricos, composi\u00e7\u00e3o familiar, esporte, hobbies, outros interesses ou outros dados de sa\u00fade que possam ser<\/p>\n<p>necess\u00e1rios \u00e0 finalidade especificada.<\/td>\n<td width=\"321\">Presta\u00e7\u00e3o de servi\u00e7os relacionados \u00e0 assist\u00eancia ou tutela \u00e0 sa\u00fade.<\/td>\n<\/tr>\n<tr>\n<td width=\"338\">Dados pessoais e curriculares contendo hist\u00f3rico profissional, registro de absente\u00edsmo, hist\u00f3ricos acad\u00eamicos e dados de contato enviados atrav\u00e9s de e-<\/p>\n<p>mail, processos disciplinares de RH.<\/td>\n<td width=\"321\">Processos seletivos para colaboradores; Administra\u00e7\u00e3o de recursos humanos.<\/td>\n<\/tr>\n<tr>\n<td width=\"338\">Biometria digital, fotografia da face dos colaboradores, imagens de colaboradores e visitantes em \u00e1reas de<\/p>\n<p>circula\u00e7\u00e3o.<\/td>\n<td width=\"321\">Registro de ponto, envio de e-mails com foto na assinatura, monitoramento e vigil\u00e2ncia de \u00e1reas<\/p>\n<p>f\u00edsicas e patrim\u00f4nio da empresa.<\/td>\n<\/tr>\n<tr>\n<td width=\"338\">Dados banc\u00e1rios (banco, ag\u00eancia e conta), hist\u00f3rico de pagamentos, cart\u00e3o de cr\u00e9dito, hist\u00f3rico de procedimentos realizados, informa\u00e7\u00f5es de bureau de<\/p>\n<p>cr\u00e9dito.<\/td>\n<td width=\"321\">Processamento financeiro de pagamento e cobran\u00e7a de servi\u00e7os realizados.<\/td>\n<\/tr>\n<tr>\n<td width=\"338\">Informa\u00e7\u00f5es de pesquisas de opini\u00e3o.<\/td>\n<td width=\"321\">Avaliar a satisfa\u00e7\u00e3o dos trabalhos realizados.<\/td>\n<\/tr>\n<\/tbody>\n<\/table>\n<h3>VIII. Compartilhamento dos dados com terceiros<\/h3>\n<p>A <strong>APAS S\u00c3O JO\u00c3O<\/strong>, para realizar a presta\u00e7\u00e3o de servi\u00e7os, cumprir as finalidades acima descritas e suas obriga\u00e7\u00f5es legais poder\u00e1 compartilhar as informa\u00e7\u00f5es coletadas com outros fornecedores e agentes.<\/p>\n<p>Todos os fornecedores de servi\u00e7os assistenciais ou administrativos utilizados nesta rela\u00e7\u00e3o estar\u00e3o obrigados contratualmente a tratar seus dados unicamente para atender \u00e0s finalidades contratadas e dever\u00e3o manter e responder pelos mesmos crit\u00e9rios de sigilo e confidencialidade estabelecidos entre voc\u00ea e a <strong>APAS S\u00c3O JO\u00c3O<\/strong>.<\/p>\n<p>Os seus dados poder\u00e3o ser compartilhados com os seguintes agentes:<\/p>\n<ol>\n<li>Prestadores de servi\u00e7os de atendimento ou tutela \u00e0 sa\u00fade conforme servi\u00e7os estabelecidos com o cliente;<\/li>\n<li>Fornecedor de servi\u00e7o terceirizado de recursos humanos, incluindo o processamento de folha de pagamento;<\/li>\n<li>Profissionais terceirizados que prestam servi\u00e7os de consultoria t\u00e9cnica atrav\u00e9s de dados anonimizados dos titulares dos nossos clientes;<\/li>\n<li>\u00d3rg\u00e3o e Entidades Regulat\u00f3rias tais como: Conselho Federal de Medicina, Anvisa, ANS e outros para fins de cumprimento de leis e\/ou regula\u00e7\u00f5es nos termos da legisla\u00e7\u00e3o aplic\u00e1vel e da referida ordem ou determina\u00e7\u00e3o;<\/li>\n<li>Autoridades, entidades governamentais ou outros terceiros, para presta\u00e7\u00e3o de informa\u00e7\u00e3o legal ou para a prote\u00e7\u00e3o dos interesses da <strong>APAS S\u00c3O JO\u00c3O <\/strong>em qualquer tipo de conflito, incluindo a\u00e7\u00f5es judiciais e processos administrativos.<\/li>\n<li>Mediante ordem judicial ou pelo requerimento de autoridades administrativas que detenham compet\u00eancia legal para a sua requisi\u00e7\u00e3o.<\/li>\n<\/ol>\n<h3>IX. Reten\u00e7\u00e3o das informa\u00e7\u00f5es coletadas<\/h3>\n<p>Os dados pessoais tratados ser\u00e3o eliminados dos nossos registros quando n\u00e3o forem mais necess\u00e1rios para os fins para os quais foram coletados, observando-se que as informa\u00e7\u00f5es poder\u00e3o ser conservadas para o cumprimento de obriga\u00e7\u00e3o legal, contratual ou regulat\u00f3ria e para o exerc\u00edcio de direitos em processos judiciais ou administrativos.<\/p>\n<h3>X. Uso de cookies e outras tecnologias de rastreamento de dados e comportamentos<\/h3>\n<p>Cookies s\u00e3o pequenos arquivos de dados que s\u00e3o armazenados no dispositivo que voc\u00ea usa para acessar o site.<\/p>\n<p>O site utiliza apenas cookies necess\u00e1rios para agilizar o carregamento das fun\u00e7\u00f5es. Alguns deles podem ser necess\u00e1rios ao bom funcionamento do site e outros para lembrar das suas \u00faltimas opera\u00e7\u00f5es realizadas.<\/p>\n<h3>XI. Medidas para prote\u00e7\u00e3o de dados<\/h3>\n<p>Para proteger os dados dos seus titulares a <strong>APAS S\u00c3O JO\u00c3O <\/strong>adota processos de trabalho estruturados seguindo as pr\u00e1ticas de mercado recomendadas. Entre elas mencionamos:<\/p>\n<ol>\n<li>Pol\u00edticas de Seguran\u00e7a da Informa\u00e7\u00e3o e Uso de Recursos: A <strong>APAS S\u00c3O JO\u00c3O <\/strong>capacita todos os seus colaboradores na Pol\u00edtica de Seguran\u00e7a da Informa\u00e7\u00e3o e na Lei Geral de Prote\u00e7\u00e3o de Dados \u2013 LGPD permitindo que eles estejam cientes sobre os cuidados a serem tomados no tratamento dos dados dos<\/li>\n<li>Gest\u00e3o de riscos: A <strong>APAS S\u00c3O JO\u00c3O <\/strong>tem implantado um programa de gest\u00e3o de riscos que \u00e9 monitorado por um comit\u00ea de prote\u00e7\u00e3o de dados composto por profissionais das \u00e1reas de tecnologia, seguran\u00e7a da informa\u00e7\u00e3o, jur\u00eddico e RH.<\/li>\n<li>Estamos evoluindo nossa metodologia de desenvolvimento de novas solu\u00e7\u00f5es em todos os nossos projetos para considerar, desde sua concep\u00e7\u00e3o e sempre, a prote\u00e7\u00e3o de dados como requisito essencial e mandat\u00f3rio.<\/li>\n<li>Seguran\u00e7a dos dados:<\/li>\n<\/ol>\n<ul>\n<li>O acesso aos sistemas da <strong>APAS S\u00c3O JO\u00c3O <\/strong>\u00e9 protegido por pol\u00edticas de senhas<\/li>\n<li>O acesso aos dados nos sistemas \u00e9 realizado apenas por profissionais cuja fun\u00e7\u00e3o tem permiss\u00e3o para acess\u00e1-los e para um prop\u00f3sito espec\u00edfico.<\/li>\n<li>As pessoas que tem acesso aos dados dos titulares assinam o termo de compromisso com o absoluto sigilo dos dados dos<\/li>\n<li>O ambiente tecnol\u00f3gico de armazenamento de dados \u00e9 protegido l\u00f3gica e fisicamente do acesso indevido e as bases de dados tem c\u00f3pia rotineiras e \u00edntegras para fins de recupera\u00e7\u00e3o de<\/li>\n<li>A <strong>APAS S\u00c3O JO\u00c3O <\/strong>rotineiramente audita suas pr\u00e1ticas de seguran\u00e7a ampliando a prote\u00e7\u00e3o do seu ambiente de processamento de dados.<\/li>\n<li>Os dados armazenados em m\u00eddia impressa est\u00e3o em local seguro protegidos contra acessos<\/li>\n<\/ul>\n<p>Ainda que adotemos todos os mecanismos poss\u00edveis para reduzir a probabilidade de um incidente de seguran\u00e7a que afetem sua privacidade, temos que admitir que existam potenciais perigos na sociedade moderna, que entre outras citamos os sofisticados ataques cibern\u00e9ticos, vazamento individual de senhas do pr\u00f3prio titular, profissionais n\u00e3o \u00e9ticos, que fogem ao nosso controle. Embora sejamos respons\u00e1veis pelos dados que tratamos, nos eximimos de responsabilidade caso ocorra uma situa\u00e7\u00e3o excepcional como as citadas, que estejam fora do nosso controle, onde n\u00e3o possamos demonstrar nossos cuidados e nossa boa-f\u00e9 na prote\u00e7\u00e3o dos seus dados.<\/p>\n<p>Estamos \u00e0 disposi\u00e7\u00e3o para quaisquer esclarecimentos necess\u00e1rios.<\/p>\n","protected":false},"excerpt":{"rendered":"<p>I.\u00a0\u00a0\u00a0\u00a0\u00a0 Compromisso organizacional N\u00f3s administradores e colaboradores da ASSOCIA\u00c7\u00c3O POLICIAL DE ASSIST\u00caNCIA \u00c0 SA\u00daDE DE S\u00c3O JO\u00c3O DA BOA VISTA, que est\u00e1 inscrita sob o CNPJ<span class=\"excerpt-hellip\"> [\u2026]<\/span><\/p>\n","protected":false},"author":1,"featured_media":0,"parent":0,"menu_order":0,"comment_status":"closed","ping_status":"closed","template":"","meta":{"_exactmetrics_skip_tracking":false,"_exactmetrics_sitenote_active":false,"_exactmetrics_sitenote_note":"","_exactmetrics_sitenote_category":0},"_links":{"self":[{"href":"https:\/\/apassaojoao.com.br\/online\/wp-json\/wp\/v2\/pages\/2743"}],"collection":[{"href":"https:\/\/apassaojoao.com.br\/online\/wp-json\/wp\/v2\/pages"}],"about":[{"href":"https:\/\/apassaojoao.com.br\/online\/wp-json\/wp\/v2\/types\/page"}],"author":[{"embeddable":true,"href":"https:\/\/apassaojoao.com.br\/online\/wp-json\/wp\/v2\/users\/1"}],"replies":[{"embeddable":true,"href":"https:\/\/apassaojoao.com.br\/online\/wp-json\/wp\/v2\/comments?post=2743"}],"version-history":[{"count":0,"href":"https:\/\/apassaojoao.com.br\/online\/wp-json\/wp\/v2\/pages\/2743\/revisions"}],"wp:attachment":[{"href":"https:\/\/apassaojoao.com.br\/online\/wp-json\/wp\/v2\/media?parent=2743"}],"curies":[{"name":"wp","href":"https:\/\/api.w.org\/{rel}","templated":true}]}}